{"id":2139,"date":"2026-01-30T09:07:17","date_gmt":"2026-01-30T09:07:17","guid":{"rendered":"https:\/\/www.genexpress.sk\/eshop\/?post_type=product&#038;p=2139"},"modified":"2026-04-21T08:01:07","modified_gmt":"2026-04-21T08:01:07","slug":"celiakia","status":"publish","type":"product","link":"https:\/\/www.genexpress.sk\/eshop\/produkt\/celiakia\/","title":{"rendered":"Celiakia"},"content":{"rendered":"","protected":false},"excerpt":{"rendered":"<p>Celiakia je ochorenie sp\u00f4soben\u00e9 nezn\u00e1\u0161anlivos\u0165ou lepku (glut\u00e9nu), po ktor\u00e9ho po\u017eit\u00ed doch\u00e1dza k imunitnej reakcii a n\u00e1sledne k po\u0161kodeniu sliznice tenk\u00e9ho \u010dreva. Ide o celo\u017eivotn\u00e9, celosvetovo roz\u0161\u00edren\u00e9, autoimunitn\u00e9 ochorenie.<\/p>\n","protected":false},"featured_media":1409,"template":"","meta":{"_seopress_robots_primary_cat":"none","_seopress_titles_title":"Celiakia \u2013 genetick\u00e9 vy\u0161etrenie (DNA test)","_seopress_titles_desc":"Zistite genetick\u00fa predispoz\u00edciu k celiakii. DNA test odhal\u00ed riziko nezn\u00e1\u0161anlivosti lepku a pom\u00f4\u017ee pri diagnostike autoimunitn\u00e9ho ochorenia tenk\u00e9ho \u010dreva.","_seopress_robots_index":""},"product_brand":[],"product_cat":[29],"product_tag":[],"class_list":{"0":"post-2139","1":"product","2":"type-product","3":"status-publish","4":"has-post-thumbnail","6":"product_cat-potravinove-intolerancie-a-celiakia","8":"first","9":"instock","10":"shipping-taxable","11":"purchasable","12":"product-type-simple"},"_links":{"self":[{"href":"https:\/\/www.genexpress.sk\/eshop\/wp-json\/wp\/v2\/product\/2139","targetHints":{"allow":["GET"]}}],"collection":[{"href":"https:\/\/www.genexpress.sk\/eshop\/wp-json\/wp\/v2\/product"}],"about":[{"href":"https:\/\/www.genexpress.sk\/eshop\/wp-json\/wp\/v2\/types\/product"}],"wp:featuredmedia":[{"embeddable":true,"href":"https:\/\/www.genexpress.sk\/eshop\/wp-json\/wp\/v2\/media\/1409"}],"wp:attachment":[{"href":"https:\/\/www.genexpress.sk\/eshop\/wp-json\/wp\/v2\/media?parent=2139"}],"wp:term":[{"taxonomy":"product_brand","embeddable":true,"href":"https:\/\/www.genexpress.sk\/eshop\/wp-json\/wp\/v2\/product_brand?post=2139"},{"taxonomy":"product_cat","embeddable":true,"href":"https:\/\/www.genexpress.sk\/eshop\/wp-json\/wp\/v2\/product_cat?post=2139"},{"taxonomy":"product_tag","embeddable":true,"href":"https:\/\/www.genexpress.sk\/eshop\/wp-json\/wp\/v2\/product_tag?post=2139"}],"curies":[{"name":"wp","href":"https:\/\/api.w.org\/{rel}","templated":true}]}}