{"id":2406,"date":"2026-02-04T09:51:54","date_gmt":"2026-02-04T09:51:54","guid":{"rendered":"https:\/\/www.genexpress.sk\/eshop\/?post_type=product&#038;p=2406"},"modified":"2026-04-21T07:58:23","modified_gmt":"2026-04-21T07:58:23","slug":"screeningove-onko-plus","status":"publish","type":"product","link":"https:\/\/www.genexpress.sk\/eshop\/produkt\/screeningove-onko-plus\/","title":{"rendered":"Screeningov\u00e9 Onko PLUS"},"content":{"rendered":"","protected":false},"excerpt":{"rendered":"<p>Onko PLUS je screeningov\u00e9 vy\u0161etrenie zah\u0155\u0148aj\u00face a\u017e 100 g\u00e9nov spojen\u00fdch so zv\u00fd\u0161en\u00fdm rizikom vzniku rakoviny, vr\u00e1tane prsn\u00edka, vaje\u010dn\u00edkov, ko\u017ee, kolorekta, prostaty \u010di pankreasu.<\/p>\n","protected":false},"featured_media":829,"template":"","meta":{"_seopress_robots_primary_cat":"none","_seopress_titles_title":"Onko PLUS \u2013 genetick\u00fd screening rakoviny (100 g\u00e9nov)","_seopress_titles_desc":"Zistite genetick\u00e9 riziko rakoviny pomocou DNA testu Onko PLUS. Anal\u00fdza 100 g\u00e9nov odhal\u00ed predispoz\u00edcie k n\u00e1dorom prsn\u00edka, vaje\u010dn\u00edkov, ko\u017ee, prostaty \u010di kolorekta.","_seopress_robots_index":""},"product_brand":[],"product_cat":[31],"product_tag":[],"class_list":{"0":"post-2406","1":"product","2":"type-product","3":"status-publish","4":"has-post-thumbnail","6":"product_cat-onkologicke-vysetrenia","8":"first","9":"instock","10":"shipping-taxable","11":"purchasable","12":"product-type-simple"},"_links":{"self":[{"href":"https:\/\/www.genexpress.sk\/eshop\/wp-json\/wp\/v2\/product\/2406","targetHints":{"allow":["GET"]}}],"collection":[{"href":"https:\/\/www.genexpress.sk\/eshop\/wp-json\/wp\/v2\/product"}],"about":[{"href":"https:\/\/www.genexpress.sk\/eshop\/wp-json\/wp\/v2\/types\/product"}],"wp:featuredmedia":[{"embeddable":true,"href":"https:\/\/www.genexpress.sk\/eshop\/wp-json\/wp\/v2\/media\/829"}],"wp:attachment":[{"href":"https:\/\/www.genexpress.sk\/eshop\/wp-json\/wp\/v2\/media?parent=2406"}],"wp:term":[{"taxonomy":"product_brand","embeddable":true,"href":"https:\/\/www.genexpress.sk\/eshop\/wp-json\/wp\/v2\/product_brand?post=2406"},{"taxonomy":"product_cat","embeddable":true,"href":"https:\/\/www.genexpress.sk\/eshop\/wp-json\/wp\/v2\/product_cat?post=2406"},{"taxonomy":"product_tag","embeddable":true,"href":"https:\/\/www.genexpress.sk\/eshop\/wp-json\/wp\/v2\/product_tag?post=2406"}],"curies":[{"name":"wp","href":"https:\/\/api.w.org\/{rel}","templated":true}]}}