{"id":2408,"date":"2026-02-04T09:53:49","date_gmt":"2026-02-04T09:53:49","guid":{"rendered":"https:\/\/www.genexpress.sk\/eshop\/?post_type=product&#038;p=2408"},"modified":"2026-04-21T07:57:10","modified_gmt":"2026-04-21T07:57:10","slug":"prenasacstvo-balik-100","status":"publish","type":"product","link":"https:\/\/www.genexpress.sk\/eshop\/produkt\/prenasacstvo-balik-100\/","title":{"rendered":"Pren\u00e1\u0161a\u010dstvo Bal\u00edk 100+"},"content":{"rendered":"","protected":false},"excerpt":{"rendered":"<p>Pl\u00e1nujete rodinu a chcete ma\u0165 zdrav\u00e9 die\u0165a? V\u010faka pokro\u010dilej met\u00f3de NGS \u2013 mas\u00edvne paraleln\u00e9 sekvenovanie, ktor\u00fdm analyzujeme viac ako 100 g\u00e9nov, je mo\u017en\u00e9 v\u010das odhali\u0165 rizik\u00e1 skryt\u00fdch genetick\u00fdch por\u00fach.<\/p>\n","protected":false},"featured_media":2862,"template":"","meta":{"_seopress_robots_primary_cat":"none","_seopress_titles_title":"Pren\u00e1\u0161a\u010dstvo 100+ \u2013 genetick\u00fd test pre pl\u00e1novanie rodiny (NGS)","_seopress_titles_desc":"Zistite riziko pren\u00e1\u0161a\u010dstva dedi\u010dn\u00fdch ochoren\u00ed pomocou DNA testu. Pokro\u010dil\u00e1 NGS anal\u00fdza viac ako 100 g\u00e9nov pom\u00e1ha pl\u00e1nova\u0165 zdrav\u00e9 rodi\u010dovstvo.","_seopress_robots_index":""},"product_brand":[],"product_cat":[32],"product_tag":[],"class_list":{"0":"post-2408","1":"product","2":"type-product","3":"status-publish","4":"has-post-thumbnail","6":"product_cat-planovanie-rodicovstva-a-neplodnost","8":"first","9":"instock","10":"shipping-taxable","11":"purchasable","12":"product-type-simple"},"_links":{"self":[{"href":"https:\/\/www.genexpress.sk\/eshop\/wp-json\/wp\/v2\/product\/2408","targetHints":{"allow":["GET"]}}],"collection":[{"href":"https:\/\/www.genexpress.sk\/eshop\/wp-json\/wp\/v2\/product"}],"about":[{"href":"https:\/\/www.genexpress.sk\/eshop\/wp-json\/wp\/v2\/types\/product"}],"wp:featuredmedia":[{"embeddable":true,"href":"https:\/\/www.genexpress.sk\/eshop\/wp-json\/wp\/v2\/media\/2862"}],"wp:attachment":[{"href":"https:\/\/www.genexpress.sk\/eshop\/wp-json\/wp\/v2\/media?parent=2408"}],"wp:term":[{"taxonomy":"product_brand","embeddable":true,"href":"https:\/\/www.genexpress.sk\/eshop\/wp-json\/wp\/v2\/product_brand?post=2408"},{"taxonomy":"product_cat","embeddable":true,"href":"https:\/\/www.genexpress.sk\/eshop\/wp-json\/wp\/v2\/product_cat?post=2408"},{"taxonomy":"product_tag","embeddable":true,"href":"https:\/\/www.genexpress.sk\/eshop\/wp-json\/wp\/v2\/product_tag?post=2408"}],"curies":[{"name":"wp","href":"https:\/\/api.w.org\/{rel}","templated":true}]}}