{"id":2410,"date":"2026-02-04T09:55:26","date_gmt":"2026-02-04T09:55:26","guid":{"rendered":"https:\/\/www.genexpress.sk\/eshop\/?post_type=product&#038;p=2410"},"modified":"2026-04-21T07:55:56","modified_gmt":"2026-04-21T07:55:56","slug":"infertilita-muz-basic","status":"publish","type":"product","link":"https:\/\/www.genexpress.sk\/eshop\/produkt\/infertilita-muz-basic\/","title":{"rendered":"Infertilita mu\u017e Basic"},"content":{"rendered":"","protected":false},"excerpt":{"rendered":"<p>Neplodnos\u0165 postihuje pribli\u017ene 15 % p\u00e1rov a a\u017e v polovici pr\u00edpadov zohr\u00e1va k\u013e\u00fa\u010dov\u00fa \u00falohu mu\u017esk\u00fd faktor. Medzi naj\u010dastej\u0161ie odpor\u00fa\u010dan\u00e9 genetick\u00e9 testy patr\u00ed vy\u0161etrenie mut\u00e1ci\u00ed g\u00e9nu <em>CFTR<\/em> a testovanie mikrodel\u00e9ci\u00ed Y-chromoz\u00f3mu.<\/p>\n","protected":false},"featured_media":2868,"template":"","meta":{"_seopress_robots_primary_cat":"none","_seopress_titles_title":"Mu\u017esk\u00e1 infertilita Basic \u2013 genetick\u00e9 vy\u0161etrenie plodnosti","_seopress_titles_desc":"Zistite genetick\u00e9 pr\u00ed\u010diny mu\u017eskej neplodnosti. Test zah\u0155\u0148a anal\u00fdzu CFTR g\u00e9nu a mikrodel\u00e9ci\u00ed Y chromoz\u00f3mu pre odhalenie por\u00fach spermatogen\u00e9zy.","_seopress_robots_index":""},"product_brand":[],"product_cat":[32],"product_tag":[],"class_list":{"0":"post-2410","1":"product","2":"type-product","3":"status-publish","4":"has-post-thumbnail","6":"product_cat-planovanie-rodicovstva-a-neplodnost","8":"first","9":"instock","10":"shipping-taxable","11":"purchasable","12":"product-type-simple"},"_links":{"self":[{"href":"https:\/\/www.genexpress.sk\/eshop\/wp-json\/wp\/v2\/product\/2410","targetHints":{"allow":["GET"]}}],"collection":[{"href":"https:\/\/www.genexpress.sk\/eshop\/wp-json\/wp\/v2\/product"}],"about":[{"href":"https:\/\/www.genexpress.sk\/eshop\/wp-json\/wp\/v2\/types\/product"}],"wp:featuredmedia":[{"embeddable":true,"href":"https:\/\/www.genexpress.sk\/eshop\/wp-json\/wp\/v2\/media\/2868"}],"wp:attachment":[{"href":"https:\/\/www.genexpress.sk\/eshop\/wp-json\/wp\/v2\/media?parent=2410"}],"wp:term":[{"taxonomy":"product_brand","embeddable":true,"href":"https:\/\/www.genexpress.sk\/eshop\/wp-json\/wp\/v2\/product_brand?post=2410"},{"taxonomy":"product_cat","embeddable":true,"href":"https:\/\/www.genexpress.sk\/eshop\/wp-json\/wp\/v2\/product_cat?post=2410"},{"taxonomy":"product_tag","embeddable":true,"href":"https:\/\/www.genexpress.sk\/eshop\/wp-json\/wp\/v2\/product_tag?post=2410"}],"curies":[{"name":"wp","href":"https:\/\/api.w.org\/{rel}","templated":true}]}}