{"id":2413,"date":"2026-02-04T09:57:13","date_gmt":"2026-02-04T09:57:13","guid":{"rendered":"https:\/\/www.genexpress.sk\/eshop\/?post_type=product&#038;p=2413"},"modified":"2026-04-21T07:53:59","modified_gmt":"2026-04-21T07:53:59","slug":"syndrom-fragilneho-x-chromozomu","status":"publish","type":"product","link":"https:\/\/www.genexpress.sk\/eshop\/produkt\/syndrom-fragilneho-x-chromozomu\/","title":{"rendered":"Syndr\u00f3m fragiln\u00e9ho X chromoz\u00f3mu"},"content":{"rendered":"","protected":false},"excerpt":{"rendered":"<p>Syndr\u00f3m fragiln\u00e9ho X alebo Martin-Bell syndr\u00f3m je zriedkav\u00e9 geneticky podmienen\u00e9 ochorenie prejavuj\u00face sa miernym a\u017e z\u00e1va\u017en\u00fdm intelektu\u00e1lnym deficitom, poruchami spr\u00e1vania a typick\u00fdmi fyzick\u00fdmi znakmi.<\/p>\n","protected":false},"featured_media":1550,"template":"","meta":{"_seopress_robots_primary_cat":"none","_seopress_titles_title":"Syndr\u00f3m fragiln\u00e9ho X \u2013 genetick\u00e9 vy\u0161etrenie (Martin-Bell)","_seopress_titles_desc":"Zistite pr\u00edtomnos\u0165 syndr\u00f3mu fragiln\u00e9ho X pomocou genetick\u00e9ho testu. DNA anal\u00fdza odhal\u00ed pr\u00ed\u010diny intelektu\u00e1lneho deficitu, por\u00fach spr\u00e1vania a dedi\u010dn\u00e9ho rizika.","_seopress_robots_index":""},"product_brand":[],"product_cat":[32],"product_tag":[],"class_list":{"0":"post-2413","1":"product","2":"type-product","3":"status-publish","4":"has-post-thumbnail","6":"product_cat-planovanie-rodicovstva-a-neplodnost","8":"first","9":"instock","10":"shipping-taxable","11":"purchasable","12":"product-type-simple"},"_links":{"self":[{"href":"https:\/\/www.genexpress.sk\/eshop\/wp-json\/wp\/v2\/product\/2413","targetHints":{"allow":["GET"]}}],"collection":[{"href":"https:\/\/www.genexpress.sk\/eshop\/wp-json\/wp\/v2\/product"}],"about":[{"href":"https:\/\/www.genexpress.sk\/eshop\/wp-json\/wp\/v2\/types\/product"}],"wp:featuredmedia":[{"embeddable":true,"href":"https:\/\/www.genexpress.sk\/eshop\/wp-json\/wp\/v2\/media\/1550"}],"wp:attachment":[{"href":"https:\/\/www.genexpress.sk\/eshop\/wp-json\/wp\/v2\/media?parent=2413"}],"wp:term":[{"taxonomy":"product_brand","embeddable":true,"href":"https:\/\/www.genexpress.sk\/eshop\/wp-json\/wp\/v2\/product_brand?post=2413"},{"taxonomy":"product_cat","embeddable":true,"href":"https:\/\/www.genexpress.sk\/eshop\/wp-json\/wp\/v2\/product_cat?post=2413"},{"taxonomy":"product_tag","embeddable":true,"href":"https:\/\/www.genexpress.sk\/eshop\/wp-json\/wp\/v2\/product_tag?post=2413"}],"curies":[{"name":"wp","href":"https:\/\/api.w.org\/{rel}","templated":true}]}}