{"id":2422,"date":"2026-02-04T10:04:07","date_gmt":"2026-02-04T10:04:07","guid":{"rendered":"https:\/\/www.genexpress.sk\/eshop\/?post_type=product&#038;p=2422"},"modified":"2026-04-21T07:41:57","modified_gmt":"2026-04-21T07:41:57","slug":"hereditarna-hemochromatoza","status":"publish","type":"product","link":"https:\/\/www.genexpress.sk\/eshop\/produkt\/hereditarna-hemochromatoza\/","title":{"rendered":"Heredit\u00e1rna hemochromat\u00f3za"},"content":{"rendered":"","protected":false},"excerpt":{"rendered":"<p>Heredit\u00e1rna hemochromat\u00f3za je autoz\u00f3movo reces\u00edvne dedi\u010dn\u00e9 ochorenie, ktor\u00e9 m\u00f4\u017ee sp\u00f4sobi\u0165 z\u00e1va\u017en\u00e9 ochorenie pe\u010dene a in\u00e9 zdravotn\u00e9 komplik\u00e1cie v d\u00f4sledku nadbytku \u017eeleza v org\u00e1noch a tkaniv\u00e1ch.<\/p>\n","protected":false},"featured_media":1521,"template":"","meta":{"_seopress_robots_primary_cat":"none","_seopress_titles_title":"Heredit\u00e1rna hemochromat\u00f3za \u2013 genetick\u00e9 vy\u0161etrenie HFE","_seopress_titles_desc":"Zistite genetick\u00e9 predispoz\u00edcie k hemochromat\u00f3ze. DNA test odhal\u00ed riziko nadmern\u00e9ho ukladania \u017eeleza a pom\u00f4\u017ee pred\u00eds\u0165 po\u0161kodeniu pe\u010dene a \u010fal\u0161\u00edm komplik\u00e1ci\u00e1m.","_seopress_robots_index":""},"product_brand":[],"product_cat":[36],"product_tag":[],"class_list":{"0":"post-2422","1":"product","2":"type-product","3":"status-publish","4":"has-post-thumbnail","6":"product_cat-poruchy-metabolizmu","8":"first","9":"instock","10":"shipping-taxable","11":"purchasable","12":"product-type-simple"},"_links":{"self":[{"href":"https:\/\/www.genexpress.sk\/eshop\/wp-json\/wp\/v2\/product\/2422","targetHints":{"allow":["GET"]}}],"collection":[{"href":"https:\/\/www.genexpress.sk\/eshop\/wp-json\/wp\/v2\/product"}],"about":[{"href":"https:\/\/www.genexpress.sk\/eshop\/wp-json\/wp\/v2\/types\/product"}],"wp:featuredmedia":[{"embeddable":true,"href":"https:\/\/www.genexpress.sk\/eshop\/wp-json\/wp\/v2\/media\/1521"}],"wp:attachment":[{"href":"https:\/\/www.genexpress.sk\/eshop\/wp-json\/wp\/v2\/media?parent=2422"}],"wp:term":[{"taxonomy":"product_brand","embeddable":true,"href":"https:\/\/www.genexpress.sk\/eshop\/wp-json\/wp\/v2\/product_brand?post=2422"},{"taxonomy":"product_cat","embeddable":true,"href":"https:\/\/www.genexpress.sk\/eshop\/wp-json\/wp\/v2\/product_cat?post=2422"},{"taxonomy":"product_tag","embeddable":true,"href":"https:\/\/www.genexpress.sk\/eshop\/wp-json\/wp\/v2\/product_tag?post=2422"}],"curies":[{"name":"wp","href":"https:\/\/api.w.org\/{rel}","templated":true}]}}