{"id":2434,"date":"2026-02-04T10:12:53","date_gmt":"2026-02-04T10:12:53","guid":{"rendered":"https:\/\/www.genexpress.sk\/eshop\/?post_type=product&#038;p=2434"},"modified":"2026-04-21T07:36:03","modified_gmt":"2026-04-21T07:36:03","slug":"sportovy-gen","status":"publish","type":"product","link":"https:\/\/www.genexpress.sk\/eshop\/produkt\/sportovy-gen\/","title":{"rendered":"\u0160portov\u00fd g\u00e9n"},"content":{"rendered":"","protected":false},"excerpt":{"rendered":"<p>Odha\u013ete svoj \u0161portov\u00fd talent! M\u00e1te predispoz\u00edcie na r\u00fdchly \u0161print, alebo sk\u00f4r vytrvalos\u0165 marat\u00f3nca? Teraz to m\u00f4\u017eete zisti\u0165. \u0160portov\u00fd v\u00fdkon z\u00e1vis\u00ed od viacer\u00fdch faktorov \u2013 genetiky, v\u00fd\u017eivy aj tr\u00e9ningu.<\/p>\n","protected":false},"featured_media":2856,"template":"","meta":{"_seopress_robots_primary_cat":"none","_seopress_titles_title":"\u0160portov\u00fd g\u00e9n \u2013 genetick\u00e9 testovanie v\u00fdkonu a talentu","_seopress_titles_desc":"Zistite, \u010di m\u00e1te genetick\u00e9 predispoz\u00edcie na silu, r\u00fdchlos\u0165 alebo vytrvalos\u0165. DNA test odhal\u00ed v\u00e1\u0161 \u0161portov\u00fd potenci\u00e1l a pom\u00f4\u017ee optimalizova\u0165 tr\u00e9ning aj v\u00fd\u017eivu.","_seopress_robots_index":""},"product_brand":[],"product_cat":[41],"product_tag":[],"class_list":{"0":"post-2434","1":"product","2":"type-product","3":"status-publish","4":"has-post-thumbnail","6":"product_cat-specialne-vysetrenia","8":"first","9":"instock","10":"shipping-taxable","11":"purchasable","12":"product-type-simple"},"_links":{"self":[{"href":"https:\/\/www.genexpress.sk\/eshop\/wp-json\/wp\/v2\/product\/2434","targetHints":{"allow":["GET"]}}],"collection":[{"href":"https:\/\/www.genexpress.sk\/eshop\/wp-json\/wp\/v2\/product"}],"about":[{"href":"https:\/\/www.genexpress.sk\/eshop\/wp-json\/wp\/v2\/types\/product"}],"wp:featuredmedia":[{"embeddable":true,"href":"https:\/\/www.genexpress.sk\/eshop\/wp-json\/wp\/v2\/media\/2856"}],"wp:attachment":[{"href":"https:\/\/www.genexpress.sk\/eshop\/wp-json\/wp\/v2\/media?parent=2434"}],"wp:term":[{"taxonomy":"product_brand","embeddable":true,"href":"https:\/\/www.genexpress.sk\/eshop\/wp-json\/wp\/v2\/product_brand?post=2434"},{"taxonomy":"product_cat","embeddable":true,"href":"https:\/\/www.genexpress.sk\/eshop\/wp-json\/wp\/v2\/product_cat?post=2434"},{"taxonomy":"product_tag","embeddable":true,"href":"https:\/\/www.genexpress.sk\/eshop\/wp-json\/wp\/v2\/product_tag?post=2434"}],"curies":[{"name":"wp","href":"https:\/\/api.w.org\/{rel}","templated":true}]}}