{"id":3336,"date":"2026-03-06T15:25:01","date_gmt":"2026-03-06T15:25:01","guid":{"rendered":"https:\/\/www.genexpress.sk\/eshop\/?post_type=product&#038;p=3336"},"modified":"2026-04-21T07:30:57","modified_gmt":"2026-04-21T07:30:57","slug":"kofein-metabolizmus-a-citlivost","status":"publish","type":"product","link":"https:\/\/www.genexpress.sk\/eshop\/produkt\/kofein-metabolizmus-a-citlivost\/","title":{"rendered":"Kofe\u00edn \u2013 metabolizmus a citlivos\u0165"},"content":{"rendered":"","protected":false},"excerpt":{"rendered":"<p>M\u00e1te po k\u00e1ve pr\u00edjemn\u00fd pocit energie alebo sk\u00f4r nervozitu a nespavos\u0165? Toto genetick\u00e9 vy\u0161etrenie v\u00e1m pom\u00f4\u017ee zisti\u0165, ako va\u0161e telo sprac\u00fava kofe\u00edn a ako na\u0148 reaguje v\u00e1\u0161 mozog.<\/p>\n","protected":false},"featured_media":3339,"template":"","meta":{"_seopress_robots_primary_cat":"none","_seopress_titles_title":"Kofe\u00edn \u2013 metabolizmus a citlivos\u0165 | Genetick\u00e9 vy\u0161etrenie","_seopress_titles_desc":"Zistite, ako va\u0161e telo metabolizuje kofe\u00edn a pre\u010do na\u0148 reagujete r\u00f4zne. Genetick\u00e9 vy\u0161etrenie odhal\u00ed citlivos\u0165 na kofe\u00edn, riziko nespavosti aj nervozity.","_seopress_robots_index":""},"product_brand":[],"product_cat":[41],"product_tag":[],"class_list":{"0":"post-3336","1":"product","2":"type-product","3":"status-publish","4":"has-post-thumbnail","6":"product_cat-specialne-vysetrenia","8":"first","9":"instock","10":"shipping-taxable","11":"purchasable","12":"product-type-simple"},"_links":{"self":[{"href":"https:\/\/www.genexpress.sk\/eshop\/wp-json\/wp\/v2\/product\/3336","targetHints":{"allow":["GET"]}}],"collection":[{"href":"https:\/\/www.genexpress.sk\/eshop\/wp-json\/wp\/v2\/product"}],"about":[{"href":"https:\/\/www.genexpress.sk\/eshop\/wp-json\/wp\/v2\/types\/product"}],"wp:featuredmedia":[{"embeddable":true,"href":"https:\/\/www.genexpress.sk\/eshop\/wp-json\/wp\/v2\/media\/3339"}],"wp:attachment":[{"href":"https:\/\/www.genexpress.sk\/eshop\/wp-json\/wp\/v2\/media?parent=3336"}],"wp:term":[{"taxonomy":"product_brand","embeddable":true,"href":"https:\/\/www.genexpress.sk\/eshop\/wp-json\/wp\/v2\/product_brand?post=3336"},{"taxonomy":"product_cat","embeddable":true,"href":"https:\/\/www.genexpress.sk\/eshop\/wp-json\/wp\/v2\/product_cat?post=3336"},{"taxonomy":"product_tag","embeddable":true,"href":"https:\/\/www.genexpress.sk\/eshop\/wp-json\/wp\/v2\/product_tag?post=3336"}],"curies":[{"name":"wp","href":"https:\/\/api.w.org\/{rel}","templated":true}]}}